2 + 297*l + 891. Determine o(-3).
-18
Let f(u) = -u**3 - u**2 - 13*u + 74. Give f(3).
-1
Let q(w) = w + 295. What is q(10)?
305
Let v(s) = s**3 - 124*s**2 - 1485*s + 2. Calculate v(135).
2
Let p(g) = -g**3 + 7*g**2 - 14*g + 9. Calculate p(5).
-11
Let s(a) = -6*a**2 + 293*a + 1671. What is s(54)?
-3
Let t(y) = -2*y**3 + 5*y**2 - 10*y - 25. Calculate t(3).
-64
Let x(v) = v**2 - 32*v - 27. What is x(11)?
-258
Let t(u) = -u**2 - 17*u + 220. Determine t(-18).
202
Let w(s) = 3*s**2 - 37*s - 52. Determine w(14).
18
Let s(d) = -d**3 + 30*d**2 + 6996*d + 405. Determine s(100).
5
Let p(q) = -24*q - 217. Give p(-4).
-121
Let j(o) = o**2 + 36*o - 344. What is j(-42)?
-92
Let g(m) = 4*m**2 + 32*m + 32. Determine g(-2).
-16
Let i(g) = g**2 + 6*g - 10607. Determine i(-106).
-7
Let c(o) = 365*o - 1822. Determine c(5).
3
Let x(p) = -2*p**2 - 1148*p - 10206. Give x(-9).
-36
Let i(m) = -m**2 + 8*m + 1508. Give i(43).
3
Let l(r) = -130*r + 3519. Determine l(27).
9
Let v(p) = 19178*p + 95901. What is v(-5)?
11
Let w(k) = -2*k**3 - 4*k**2 + k + 9. Calculate w(-4).
69
Let m(h) = -2*h**3 + h**2 + 173*h + 12. Determine m(-9).
-6
Let l(y) = -24*y**2 + 98*y + 99. Determine l(-1).
-23
Let w(l) = -l**2 + 119*l - 2229. Calculate w(95).
51
Let y(j) = -3*j**3 + j**2 - 19*j - 32. Calculate y(-2).
34
Let j(f) = -f**3 + 8*f**2 + 38*f + 4. What is j(-3)?
-11
Let t(r) = -2*r**3 - 22*r**2 + 546*r - 138. Calculate t(-23).
0
Let w(l) = 3*l**3 - 211*l**2 - 142*l - 2. Calculate w(71).
-2
Let j(u) = 984*u + 23618. Give j(-24).
2
Let o(j) = 3*j**2 + 549*j + 1637. What is o(-3)?
17
Let l(a) = 2*a**3 - 42*a**2 + 24*a - 35. Give l(20).
-355
Let f(s) = -3545*s + 21245. What is f(6)?
-25
Let f(t) = -63*t**2 + 13673*t - 434. What is f(217)?
0
Let z(y) = -14*y**2 - 355*y - 164. What is z(-25)?
-39
Let k(q) = 8*q**3 + 214*q**2 - 53*q + 33. Give k(-27).
6
Let j(t) = -6*t**2 + 54*t - 87. Give j(2).
-3
Let z(l) = 3*l**3 - 59*l**2 - 26*l + 122. Calculate z(20).
2
Let x(j) = -46*j**2 + 17*j - 38. Determine x(4).
-706
Let p(c) = c**2 + 189*c + 6583. Give p(-143).
5
Let f(s) = -s**3 - 9*s**2 - 32*s - 598. Determine f(-11).
-4
Let x(n) = n**2 + 173*n + 19. What is x(0)?
19
Let h(d) = 33*d - 2113. Calculate h(54).
-331
Let t(q) = -q**3 + 6*q**2 + 191*q + 11. Determine t(-11).
-33
Let t(l) = 649*l + 13627. Determine t(-21).
-2
Let i(t) = -7*t**3 - 2*t**2 + 163*t + 323. Determine i(-2).
45
Let z(b) = -61*b - 28. Determine z(-2).
94
Let u(c) = -c**2 - 10*c + 677. Give u(-30).
77
Let n(l) = -68*l + 349. What is n(5)?
9
Let p(d) = 12*d**3 - 58*d**2 - 28*d + 85. Give p(5).
-5
Let j(z) = 4*z**3 + 2*z**2 + 11*z + 1. What is j(5)?
606
Let r(i) = -i**3 + 21*i**2 - 96*i + 32. Determine r(16).
-224
Let n(g) = 73*g - 1101. Calculate n(15).
-6
Let j(l) = 1025*l + 6153. Give j(-6).
3
Let v(b) = 3*b**2 + 103*b - 342. Calculate v(-37).
-46
Let r(g) = 7*g - 157. Calculate r(30).
53
Let q(g) = 42*g**3 - 337*g**2 + 8*g - 1. Calculate q(8).
-1
Let w(s) = 159*s**2 + 151*s + 1. Calculate w(-1).
9
Let d(p) = -53*p + 43. What is d(2)?
-63
Let i(n) = 9*n - 138. Give i(14).
-12
Let m(y) = y**3 - 24*y**2 - 17*y + 407. What is m(24)?
-1
Let g(x) = 254*x - 1576. Determine g(6).
-52
Let u(j) = -527*j + 1594. What is u(3)?
13
Let y(n) = 393*n - 1246. What is y(3)?
-67
Let d(b) = 56*b + 571. Give d(-9).
67
Let i(g) = g**3 - 15*g**2 - g + 79. Determine i(15).
64
Let p(w) = -w**3 + 61*w**2 - 275*w - 302. What is p(56)?
-22
Let c(b) = 3*b**3 - 207*b**2 - 210*b - 24. Calculate c(70).
-24
Let y(u) = u**2 + 11*u + 58. Determine y(-10).
48
Let f(x) = -5*x**2 - 71*x - 26. Give f(-17).
-264
Let h(y) = -20*y**2 - 1417*y + 227. Calculate h(-71).
14
Let s(y) = -2*y**2 - 95*y - 1161. Determine s(-26).
-43
Let j(n) = 2*n**3 - 78*n**2 - 60*n + 2345. Give j(39).
5
Let v(c) = -4*c**2 + 692*c - 11161. What is v(18)?
-1
Let a(i) = 6315*i + 25255. Determine a(-4).
-5
Let b(i) = -85*i + 11. What is b(4)?
-329
Let q(h) = h**3 - 20*h**2 + 8*h - 171. What is q(19)?
-380
Let n(y) = 41*y - 148. Calculate n(3).
-25
Let q(f) = -f**2 - 41*f + 1. What is q(-32)?
289
Let s(y) = -y + 20. What is s(42)?
-22
Let h(s) = -14*s - 546. Calculate h(-36).
-42
Let k(s) = -6*s**2 + 191*s + 36. What is k(32)?
4
Let r(u) = 9*u - 152. Give r(20).
28
Let a(t) = 2*t**3 - 8*t**2 + 310*t - 1231. Determine a(4).
9
Let j(o) = -o**2 + 31*o - 233. What is j(15)?
7
Let v(o) = o**3 - 195*o**2 - 1834*o - 413. What is v(204)?
-5
Let f(c) = 1865*c - 7485. Determine f(4).
-25
Let z(x) = 4652*x + 111643. What is z(-24)?
-5
Let x(q) = -q**2 - 47*q - 95. Calculate x(-40).
185
Let s(r) = -r**2 + 36*r + 209. Give s(41).
4
Let l(v) = -27*v + 1134. Give l(42).
0
Let r(t) = -t**3 - 13*t**2 - t - 34. Give r(-13).
-21
Let n(t) = -t**3 + 15*t**2 + 46*t - 770. What is n(14)?
70
Let j(p) = p**2 + 166*p - 5871. Determine j(30).
9
Let f(w) = 3*w + 20. Determine f(41).
143
Let m(o) = -91*o - 3. Determine m(3).
-276
Let l(w) = -369*w - 7381. Determine l(-20).
-1
Let p(s) = 468*s + 177. What is p(-1)?
-291
Let u(h) = -h**3 + 11*h**2 + 16*h + 99. Give u(12).
147
Let k(c) = -152*c + 1507. Give k(10).
-13
Let q(l) = -12*l + 47. Give q(3).
11
Let z(s) = 2*s - 3. What is z(73)?
143
Let q(x) = -32*x + 649. Give q(21).
-23
Let g(w) = -8*w**2 - 25*w + 225. Determine g(-7).
8
Let f(t) = 13*t - 9. Give f(2).
17
Let a(j) = 161*j - 2568. What is a(17)?
169
Let r(s) = 127*s - 137. Give r(6).
625
Let v(g) = -g**2 - 80*g - 241. Calculate v(-72).
335
Let b(p) = -2*p**3 - 6*p**2 - 6*p - 3. What is b(-4)?
53
Let g(p) = 8*p**3 - 9*p**2 - 8*p. What is g(-1)?
-9
Let h(b) = 2*b - 46. Calculate h(29).
12
Let c(a) = -a**3 + 6*a**2 - 6*a + 51. Determine c(5).
46
Let j(m) = -m**2 - 80*m - 1326. What is j(-23)?
-15
Let d(j) = 2*j**2 - 42*j + 6. Determine d(18).
-102
Let z(d) = -3*d**2 + 44*d - 14. Give z(16).
-78
Let c(r) = r**3 - 14*r**2 - 46*r - 123. Calculate c(17).
-38
Let k(u) = -26*u - 2413. Give k(-71).
-567
Let y(z) = -22*z + 784. What is y(35)?
14
Let f(b) = -541*b - 2619. Calculate f(-5).
86
Let l(s) = -5509*s - 82637. What is l(-15)?
-2
Let r(x) = 10*x**3 - x**2 + 7*x + 16. What is r(0)?
16
Let k(b) = 2*b**3 + 226*b**2 + 225*b + 89. Determine k(-112).
-23
Let w(p) = 4*p**3 - 4*p**2 - 15*p - 23. Calculate w(-3).
-122
Let n(y) = 82*y + 973. Give n(-13).
-93
Let m(w) = -w**3 + 10*w**2 - 13*w - 41. Calculate m(7).
15
Let h(w) = 3*w**2 + 29*w - 2. Determine h(-13).
128
Let m(l) = -4*l**2 - 63*l + 170. What is m(-18)?
8
Let l(o) = 28*o**2 + 9*o - 10. Give l(0).
-10
Let k(b) = b**2 - 9*b - 38. Give k(-2).
-16
Let y(p) = p**3 + 3*p**2 - 17*p - 43. Determine y(6).
179
Let l(c) = -5*c**2 + 7*c + 32. Give l(-5).
-128
Let c(v) = -v**3 + 36*v**2 - 64*v - 23. Give c(34).
113
Let k(t) = -t**3 - 43*t**2 + 54*t + 447. Determine k(-44).
7
Let s(d) = -36*d + 58. Give s(-5).
238
Let w(x) = 5*x**2 - 155*x - 202. Determine w(30).
-352
Let d(l) = -l**3 - 4*l**2 + 26*l + 80. What is d(-6)?
-4
Let f(k) = 1115*k - 4433. Determine f(4).
27
Let i(c) = -c + 1. What is i(-96)?
97
Let k(n) = n**2 + 15*n + 83. Calculate k(-5).
33
Let g(u) = -489*u - 6008. What is g(-12)?
-140
Let c(z) = 11*z**2 + 450*z + 1939. Give c(-36).
-5
Let m(j) = -j**2 + 372*j - 2901. What is m(8)?
11
Let r(u) = 3886*u + 34970. What is r(-9)?
-4
Let o(i) = -2*i**3 + 13*i**2 - 49*i + 35. Determine o(1).
-3
Let s(g) = -32*g - 3937. Give s(-122).
-33
Let g(a) = 92*a + 281. What is g(-3)?
5
Let b(j) = j**3 - 8*j**2 - 3*j + 75. Give b(7).
5
Let z(m) = 35*m**2 - 277*m + 76. What is z(8)?
100
Let v(m) = -19*m - 154. Calculate v(-4).
-78
Let x(o) = -7*o**2 - 18*o + 99. Calculate x(0).
99
Let j(p) = -p**3 + 41*p**2 + 26. Calculate j(41).
26
Let r(l) = 62*l - 778. What is r(12)?
-34
Let w(l) = 2*l**2 + 402*l - 64260. Calculate w(-306).
0
Let p(t) = 32*t - 1424. What is p(52)?
240
Let x(d) = 11*d**3 - 32*d**2 - 5*d + 10. What is x(3)?
4
Let i(d) = -76*d + 752. What is i(9)?
68
Let r(x) = 6*x**2 - 55*x + 143. Determine r(4).
19
Let c(g) = -g**3 - 7*g**2 - 27*g + 14. What is c(-7)?
203
Let m(f) = -62*f**2 + 3*f + 566. Give m(-3).
-1
Let g(n) = -n**3 - 134*n**2 - 29*n - 3881. Determine g(-134).
5
Let w(g) = 363*g - 35204. Determine w(97).
7
Let c(g) = -3*g**3 - 30*g**2 + 5*g + 23. Determine c(-10).
-27
Let w(m) = m**2 - 40*m + 268. What is w(20)?
-132
Let n(p) = -p**3 + 30*p**2 - 30*p - 30. Wh